-3*n - l. Let v(w) = 4*w**2 + w - 1. Give v(n).
13
Let d(s) be the third derivative of 0 - 7/24*s**4 + 7*s**2 - 1/60*s**5 - 4/3*s**3 + 0*s. What is d(-7)?
-8
Let f be (54/(-7) - -8)*(0 + 7). Let p(h) = -7*h**2 - 3*h + 3. Let m(u) = u**2 + u - 1. Let b be 7 + 3/((-3)/2). Let z(d) = b*m(d) + p(d). Determine z(f).
-6
Let k(r) = -r**3 - 3*r**2 + 3*r + 4. Let q = 22 + 0. Let z be 50/(-275) + (-84)/q. Determine k(z).
8
Let w(v) = -v + 1. Let o(b) = b**3 - 9*b**2 + 15*b - 7. Let q be o(6). Let k = q + 29. Give w(k).
-3
Let q(b) = -b**2 + 29*b - 124. Let i be q(5). Let n(s) = 2*s + 8. What is n(i)?
0
Let f(z) be the third derivative of 0*z + 1/24*z**4 + 1/6*z**3 + 0 - 26*z**2. Calculate f(3).
4
Let n(s) = -s**3 + s**2 + 48. Let r be n(0). Let o(p) = r - 48 - 4*p. Calculate o(-1).
4
Suppose 11*f - 189 = -68. Let l(r) = -r + 4. Give l(f).
-7
Let t(j) = -j**2 + 11*j + 6. Let r be t(7). Let v = r + -28. Let f(a) be the third derivative of a**6/120 - a**5/12 - a**4/3 + a**3/3 + a**2. Calculate f(v).
-10
Let w(q) be the first derivative of -q - 24. Let h(i) = -i - 3. Suppose 2*s - 28 = 2. Let c(j) = s*w(j) - 5*h(j). Calculate c(1).
5
Let w = 20 + -12. Let t(g) = 2*g + 9. Let q be t(-2). Let m = w - q. Let v(h) = h**2 - 2*h - 3. What is v(m)?
0
Let k(z) = -7*z**2 - z. Suppose 24 = a - 6*x + x, 0 = 4*a + 2*x - 30. Suppose 6 + 18 = -4*m - 4*y, m - a = 2*y. What is k(m)?
-6
Let b(g) = -g**2 + 5*g - 4. Suppose -j - 5*r + 8 = 0, -5*j + 0*j = -r - 40. Let y be 2/(((-40)/(-15))/4). Let q = j - y. Give b(q).
-4
Let s = -613 - -613. Let c(z) = z**3 + z - 13. Give c(s).
-13
Let t(y) be the first derivative of y**4/4 + 5*y**3/3 + 2*y**2 - 3*y + 390. Calculate t(-5).
-23
Suppose -l + 7 = -3*m + m, 3*m = 2*l - 12. Let y(q) = -2*q**2 - 5*q - 1. Calculate y(m).
1
Let r be (25/10)/(2/(-44)). Let z be (-32)/5 + (-22)/r. Let n(j) = j**2 + 7*j + 1. Let v(o) = o. Let f(c) = n(c) - 3*v(c). Determine f(z).
13
Let p(t) = -t**2 + 4*t + 1. Let s(x) = x**3 + 9*x**2 + 9*x + 17. Let d be s(-8). Suppose 0 = d*m - 49 + 4. What is p(m)?
-4
Let q(y) be the second derivative of -y**4/12 - 2*y**3/3 + 5*y**2/2 - 4*y. Let r = -303 + 296. What is q(r)?
-16
Let t(d) = -2*d**2 + 4*d - 5. Let p(r) = -r + 1. Let q(s) = 6*p(s) + t(s). What is q(1)?
-3
Let n be (-63)/(-12) + 2/(-8). Let i(p) be the third derivative of -p**4/24 + p**3/3 + 2017*p**2. Determine i(n).
-3
Let x(n) be the third derivative of -n**6/15 + n**4/12 - n**3/6 + 322*n**2. Determine x(1).
-7
Suppose -203*g + 27 = -212*g. Let y(v) = v - 1. Let q(o) = -o**2 - 7*o + 4. Let i(x) = -q(x) - 2*y(x). Calculate i(g).
-8
Let h(v) = 10*v**3 - 29*v**2 + 48*v + 3. Let c(d) = 7*d**3 - 19*d**2 + 33*d + 2. Let g(b) = -7*c(b) + 5*h(b). Give g(11).
-21
Let s(o) = -5*o**3 - 5*o**2 - 4*o. Let i(k) = 4*k**3 + 5*k**2 + 4*k. Let b be ((-2)/(-6)*10)/((-4)/(-6)). Let y(f) = b*s(f) + 6*i(f). Give y(6).
-12
Let w(q) = -q**2 - q. Let k(a) = -2*a + 0*a - 3*a + 1 + 2*a. Let n be k(1). Let f(s) = s**2 + 4*s + 3. Let o be f(n). Calculate w(o).
0
Let s(b) = 13*b - 14. Let n(h) = 4*h - 5. Let k(j) = 17*n(j) - 6*s(j). Let u be 6/(-27) - 29/(-9). Let r = 2 - u. Give k(r).
9
Let i(f) = -2*f + 30. Let c be i(15). Suppose -4*w - 3*y = -21, -4*w - y - y + 18 = c. Let k(h) be the third derivative of h**4/12 + h**2. Calculate k(w).
6
Suppose 5*v - 13 + 8 = 0. Let w(j) = -j**3 + 0*j - 4*j**2 - j + 0*j + v + 4. Let u(o) = -o**2 - 7*o - 4. Let z be u(-7). What is w(z)?
9
Let s = 38 - 35. Let v be s/6*0/((-4)/2). Let b(u) = -u**2 + u - 8. Give b(v).
-8
Let l = 1 + -3. Let w = -17 - -20. Let z(j) = w*j + 1 + j**3 + j**2 + 2*j - 4*j + 0*j**2. What is z(l)?
-5
Let t(b) = -9*b + 10*b - 3*b**2 + 4*b**2. Let j be t(1). Let g(s) = 1 - 4*s**j + 2*s**2 - 9 + s**2 + 8*s. What is g(6)?
4
Let m(b) = -b**2 - 5*b - 2. Let f be m(-3). Let o be 16/6 + f/(-6). Let l be (o - 1)/((-3)/9). Let x(s) = -s + 3. Give x(l).
6
Let z(r) = 2*r + 9. Let n(j) = -j. Let m(f) = -3*n(f) - z(f). Let o = 7 - -1. Give m(o).
-1
Let s(c) = -c + 8. Let d(v) = -1. Let m(w) = -4*d(w) - s(w). Suppose 4*p = p + 21. Let h = p - 12. Determine m(h).
-9
Let g(t) = 3 + 19*t + 19*t - 37*t + 15 - 2. Calculate g(-9).
7
Let w(y) = 51580 - 3*y - 51580. Give w(-2).
6
Let u(f) = -4*f**3 + 2*f**2 + f - 9. Let q(z) = 7*z**3 - 3*z**2 - 2*z + 17. Let g(l) = 3*q(l) + 5*u(l). Suppose -3*y + 3*y = 9*y. Determine g(y).
6
Let k(y) = y**2 - 21*y + 111. Let g be k(12). Let h(r) = -r**2 + 4*r - 3. Calculate h(g).
0
Let t(u) = 3863*u - 1937*u + 8 - 1934*u - u**2. Calculate t(-9).
-1
Let i(q) = 3*q**3 - 15*q**2 + 16*q - 1. Let c(j) = j**3 + j**2 - 1. Let w(g) = -2*c(g) + i(g). What is w(16)?
1
Let a(y) = 3*y - 17. Let r be (-3 + 4)*-3*-2. Give a(r).
1
Let u(p) = -p**3 + p**2 + 3*p + 3. Suppose 3 - 2 = k. Suppose 4*s - k = -4*j + 3, s - 4*j - 6 = 0. Suppose 2*b = -4*w - 2, 3*w + s*b + 0*b = 0. What is u(w)?
9
Let h(l) = -l**3 + 8*l**2 - 3*l + 23. Let s be (-1 + 6 + -7)/((-2)/8). Calculate h(s).
-1
Let o(j) = 11 - 2*j - 10 + 0*j - 2*j. Let l = 6 - 17. Let i = -12 - l. Determine o(i).
5
Suppose p + 1 = 3. Suppose 4*i = 2*g - 0*i - 14, g + 1 = -p*i. Let z(c) = 0*c - g*c + 4*c - 9. Determine z(0).
-9
Suppose 4*i - 7*r - 43 = -8*r, 3*i - 5*r = 38. Let u(p) = -2*p + 28. What is u(i)?
6
Let t(j) be the third derivative of j**6/120 - j**5/60 - j**4/24 + 13*j**3/6 - j**2 - 21. Give t(0).
13
Let s(j) = -2*j - 6. Suppose 0 = -4*b - 3*l + 17 + 8, 0 = -5*b - 5*l + 35. Suppose -b*z - 7 = -t, -2*t + 2*z + z = 1. Calculate s(t).
4
Suppose -z - 19 = -23. Let k(j) = j**2 - j - 1. Let m(q) = q**3 - 8*q. Let l(o) = -3*k(o) + m(o). Calculate l(z).
-1
Let q(j) = -j**2 - j - 1. Suppose 2*c + 5*p = c - 20, 4*c - 20 = 5*p. Suppose 0 = -f + 5*f, -4*b - f - 4 = c. Determine q(b).
-1
Let o(f) = f**3 + 3*f**2 - 4*f - 1. Let g(k) = -k**2 - 39*k - 228. Let r be g(-32). What is o(r)?
-1
Suppose 0 = 2*a - 3*a - 4*u + 18, 2*a - 3*u = -8. Suppose 3*i - a - 7 = 0. Suppose 7*t + 16 = i*t. Let b(o) = 3*o - 1. Calculate b(t).
-13
Let i = -156 + 153. Let f(w) be the first derivative of 3*w**2/2 + 3*w - 3. What is f(i)?
-6
Let s be 2/6*2*(-6)/(-4). Let j be 2 - 0 - 5*s. Let r(y) = y**3 + 2*y**2 + 2. Calculate r(j).
-7
Suppose 7 = -3*m + 2*m + 5*x, -3*m + 2*x + 5 = 0. Let y(l) = m*l + 5 + l - l - 2*l. Determine y(-5).
0
Let m(t) be the first derivative of t**3/6 + t**2/2 - t - 3. Let n(f) be the first derivative of m(f). Let c be -3*2 - -3 - 2. Determine n(c).
-4
Let h(w) = 2*w**3 + 25*w**2 + w - 23. Let d(v) = -v**3 - 12*v**2 + 11. Let p(n) = -13*d(n) - 6*h(n). Calculate p(-7).
-12
Let u(o) be the second derivative of -o**3/6 - 3*o**2/2 + 10*o. Let m = -47 + 39. Determine u(m).
5
Let d(t) = -5*t**2 + 3*t**2 - t**2 - 1 - 9*t**2 + 2*t. Let b = -343 - -344. Determine d(b).
-11
Let k(x) = 9*x - 3. Let u be -2 + 11 + -5 + 2 + -3. Calculate k(u).
24
Let k(a) be the second derivative of a**5/20 - a**4/4 - 5*a**3/6 - a**2 + 534*a. Let x be (-7)/(-3) - (-4)/6. Suppose 2*o + 4 = x*o. Determine k(o).
-6
Let w(c) = c**2 + 8*c + 5. Let k be 3*-5*(-8)/60 - -57. Let p = k - 64. What is w(p)?
-10
Suppose -6*f = -84 - 36. Suppose -1 = 7*i + f. Let n be 2*i/(-3) + -1. Let q(t) = 7*t**3 + t - 1. Calculate q(n).
7
Let y(r) = -r**3 - 9*r**2 + 5*r + 10. Let n be (-1)/(-1 + (-20)/(-25)) + -14. Calculate y(n).
-35
Let i(t) = -t**2 + 11*t + 3. Let n be i(11). Suppose n*z - 6 = a, 3*z = -4*a + 1 + 5. Let j(h) = 0*h**3 - 20*h**2 + 21*h**z + h**3. What is j(-2)?
-4
Let y(a) = 2*a**2 + 7*a + 5. Let d be y(-2). Let j(o) = o**2 + 1. Let q(z) = -3*z**2 + 5*z - 8. Let s(k) = d*q(k) - 2*j(k). Give s(5).
6
Let s(v) be the first derivative of -7*v**3/3 + 7*v**2 - 8*v - 8. Let g(a) = 15*a**2 - 29*a + 17. Let t(i) = -6*g(i) - 13*s(i). Calculate t(6).
-10
Let s(n) = n**3 + 7*n**2 + 3*n + 4. Suppose 0 = 4*v + 2*f - 26, -4*f + 19 = -v + 3. Suppose w + 30 = -5*y, -3*y - 11 = -2*w + v*w. Give s(y).
-17
Let d(t) = 3*t**2 + 2*t - 44. Let r(a) = 2*a**2 + a - 29. Let f(q) = -5*d(q) + 8*r(q). Let z(i) be the first derivative of f(i). What is z(4)?
6
Let k(l) be the third derivative of 1/6*l**3 - 21*l**2 + 0*l - 5/24*l**4 + 0. Calculate k(-1).
6
Let m(o) = -20*o**2 - o + 4. Let w(i) = 57*i**2 + 2*i - 12. Let d(n) = 17*m(n) + 6*w(n). Suppose 5*r = -s + 19, -23 = -5*s + 2*r - 3*r. Determine d(s).
8
Suppose -5*k + 30 = 10. Suppose 